at is d(-2)?
1
Let m(u) = -2016*u + 5687. Give m(3).
-361
Let p(r) = 3*r**2 - 242*r + 1502. What is p(6)?
158
Let g(k) = -7805*k - 101490. Calculate g(-13).
-25
Let l(o) = -o**3 + 14*o**2 + 30*o + 121. Determine l(12).
769
Let r(c) = -40*c - 3564. Give r(-79).
-404
Let f(p) = -9*p**2 + 113*p - 43. Determine f(-3).
-463
Let k(x) = -11*x**2 - 2404*x - 37689. Calculate k(-17).
0
Let c(q) = q**3 - 429*q**2 - 3499*q + 1331. Give c(437).
20
Let x(j) = -j**3 - 41*j**2 - 139*j + 4. What is x(-41)?
5703
Let j(b) = -b**3 + 240*b**2 + 220*b + 5069. Determine j(241).
8
Let j(x) = -20*x**3 + 20*x**2 + 9*x - 7. Determine j(-3).
686
Let n(l) = -l**3 + 305*l**2 - 18699*l - 226. Calculate n(220).
-6
Let h(y) = 1995*y + 594606. Give h(-298).
96
Let k(i) = -i**3 + 86*i**2 + 168*i - 24. What is k(-2)?
-8
Let k(z) = -22*z**2 + 3457*z + 14187. Determine k(-4).
7
Let p(f) = -1716*f**2 + 15444*f - 8. Determine p(9).
-8
Let u(m) = -2299*m - 2643910. Determine u(-1150).
-60
Let c(f) = f**3 - 35*f**2 - 158*f - 139. Give c(41).
3469
Let o(f) = -3*f**3 + 16*f**2 - 498*f + 2495. Give o(5).
30
Let j(n) = 2*n**2 - 121*n - 22728. Determine j(141).
-27
Let j(p) = 42511*p + 2890758. Give j(-68).
10
Let m(d) = -d**2 - 171*d - 7255. Give m(-75).
-55
Let d(q) = -136*q**3 + 24*q**2 - 4*q + 3. Determine d(2).
-997
Let m(r) = -67*r**3 + 26064*r**2 - 366*r - 8865. Determine m(389).
82
Let g(n) = 111240*n + 10011593. Give g(-90).
-7
Let m(k) = -24054*k - 264511. What is m(-11)?
83
Let t(q) = 2808*q**2 - 28082*q - 28. Calculate t(10).
-48
Let n(u) = -48*u**3 + 93*u**2 + u - 3. Calculate n(2).
-13
Let g(d) = -d**2 + 8*d + 482. Calculate g(41).
-871
Let p(h) = 4744*h + 877423. Determine p(-185).
-217
Let l(k) = k**2 + 77*k - 626. Calculate l(-78).
-548
Let w(b) = -b**2 + 2487*b + 32532. Calculate w(-13).
32
Let x(s) = -6*s**3 - 2459*s**2 + 1317*s + 371872. What is x(-410)?
2
Let o(t) = -t**3 + 135*t**2 + 5145*t + 132. Give o(166).
-34
Let w(x) = 2*x**3 + 5*x**2 - 508*x - 165. Determine w(0).
-165
Let c(x) = -36*x**2 + 4039*x + 53664. Give c(-12).
12
Let l(z) = z**3 - 445*z**2 - 53989*z - 13161. Give l(-99).
6
Let s(b) = b**3 - 84*b**2 + 805*b - 83. Calculate s(73).
63
Let x(k) = 1933*k + 40073. Determine x(-17).
7212
Let z(o) = 114717*o + 22025676. Calculate z(-192).
12
Let z(p) = p**2 + 91*p - 142043. Calculate z(334).
-93
Let q(p) = -17977*p + 14363627. Give q(799).
4
Let l(q) = 27*q**2 - 177*q + 360. What is l(3)?
72
Let k(m) = -3*m**3 - 98*m**2 - 1129*m - 38355. Determine k(-33).
-9
Let j(c) = -c**3 + 9*c**2 + 68*c - 183. Determine j(6).
333
Let u(y) = 77492*y + 3409636. What is u(-44)?
-12
Let o(n) = -3146*n - 9099. Calculate o(-3).
339
Let p(f) = 13069*f + 1411325. Calculate p(-108).
-127
Let g(u) = -865*u + 48931. Calculate g(58).
-1239
Let j(s) = -39498*s + 79018. Determine j(2).
22
Let p(v) = 458*v + 43501. What is p(-86)?
4113
Let x(o) = -2*o**2 - 37*o - 701. What is x(-18)?
-683
Let r(u) = u**3 + 11*u**2 - 104*u - 1124. What is r(-9)?
-26
Let i(u) = 869*u - 19996. Determine i(23).
-9
Let t(s) = -92575*s + 555460. What is t(6)?
10
Let a(k) = -3*k**2 - 50*k + 2517. Give a(21).
144
Let d(y) = 10*y**2 + 588*y + 115. Calculate d(-58).
-349
Let d(s) = 6*s**2 - 495*s + 10123. Calculate d(57).
1402
Let h(z) = 142*z + 7901. What is h(-29)?
3783
Let d(u) = u**3 + 4*u**2 + 32*u + 153. What is d(0)?
153
Let q(k) = -47*k**3 + 234*k**2 - 464*k + 2358. What is q(5)?
13
Let a(h) = -966*h + 55005. Calculate a(57).
-57
Let z(k) = -5411*k - 38657. Calculate z(-7).
-780
Let n(v) = -35705*v - 749801. Calculate n(-21).
4
Let k(j) = 13*j**2 - 52*j - 402. What is k(-7)?
599
Let d(g) = 14*g**3 - 10*g**2 + 2427*g - 4848. Determine d(2).
78
Let t(u) = -3*u**3 + 53*u**2 - 45*u + 873. Determine t(18).
-261
Let x(q) = q**2 + 5271*q - 303783. What is x(57)?
-87
Let z(x) = 599*x - 51437. Give z(84).
-1121
Let w(r) = 3*r**2 - 88*r + 349. Give w(17).
-280
Let g(r) = -3*r**3 + 111*r**2 - 421*r - 1893. Calculate g(32).
-5
Let z(w) = -24*w**2 - 5009*w + 32468. Calculate z(-215).
3
Let c(b) = 66*b**2 - 265*b + 1175. Give c(5).
1500
Let i(j) = -j**2 - 36716*j - 293687. Calculate i(-8).
-23
Let r(h) = 5701*h + 427584. What is r(-75)?
9
Let m(i) = i**3 - 45*i**2 + 1956*i - 43273. Calculate m(29).
-5
Let i(c) = -c**3 + 35*c**2 - 310*c + 402. Calculate i(12).
-6
Let m(y) = 11182*y + 236152. What is m(-21)?
1330
Let w(r) = -2*r**2 - 539*r - 12721. Determine w(-26).
-59
Let q(s) = 4*s**2 + 68451*s - 205381. What is q(3)?
8
Let u(o) = -12*o**2 + 7829*o + 44081. What is u(658)?
-5
Let c(t) = -49298*t + 2218388. What is c(45)?
-22
Let k(v) = -2*v**2 + 2926*v - 257375. Calculate k(94).
-3
Let l(m) = -181*m + 6553. Give l(32).
761
Let g(m) = 17*m**3 + 313*m**2 + 1397*m - 35. Calculate g(-11).
-156
Let a(c) = 11*c**2 - 7002*c + 75697. Give a(11).
6
Let g(p) = -p**2 - 165*p + 62581. Calculate g(-346).
-45
Let l(f) = 8*f**3 + 364*f**2 - 561*f + 12. Determine l(-47).
-129
Let g(f) = -2*f**3 - 83*f**2 - 843*f - 40. What is g(-24)?
32
Let z(o) = -193*o - 7916. Determine z(-43).
383
Let i(p) = 2*p**3 - 72*p**2 + 82*p + 104. Give i(35).
524
Let i(g) = -391*g**2 - 35192*g + 190. What is i(-90)?
370
Let r(w) = 67*w**3 - 9*w**2 - 10*w + 57. Determine r(2).
537
Let t(f) = f**3 + 86*f**2 - 3588*f + 22184. Give t(-118).
0
Let i(c) = c**2 - 1736*c - 17461. What is i(-10)?
-1
Let x(q) = 2*q**3 - 24*q**2 - 9*q - 196. Calculate x(13).
25
Let a(z) = -34177*z - 33789. What is a(-1)?
388
Let w(v) = 2*v**3 - 60*v**2 + 4*v + 1688. Give w(29).
122
Let l(u) = -16*u**2 + 374*u - 184. Give l(17).
1550
Let g(a) = 52*a + 5036. Determine g(-35).
3216
Let g(x) = 10*x**3 + 109*x**2 - 40*x - 277. Determine g(-11).
42
Let l(o) = o**3 - 6*o**2 - 133*o - 626. Determine l(-9).
-644
Let v(q) = -2059226*q - 20592267. Calculate v(-10).
-7
Let x(k) = 4894*k + 303424. Give x(-62).
-4
Let g(n) = 619*n - 10747. Determine g(17).
-224
Let j(n) = -n**3 - 11*n**2 + 296*n + 2535. Give j(-9).
-291
Let w(m) = 26041*m - 78230. Calculate w(3).
-107
Let s(p) = -p**3 + 9*p**2 - 436*p + 3599. Determine s(8).
175
Let u(y) = y**3 - 4*y**2 + 97093*y - 679791. Calculate u(7).
7
Let x(q) = q**3 + 31*q**2 - 68*q + 78. What is x(-33)?
144
Let v(b) = 97187*b - 1652061. What is v(17)?
118
Let z(j) = 407044*j + 4477494. Calculate z(-11).
10
Let s(q) = -1151*q - 3724. Determine s(-4).
880
Let k(m) = m**3 + 12*m**2 - 201*m - 2332. Determine k(-14).
90
Let l(s) = 30*s**2 - 3745*s - 3745. What is l(-1)?
30
Let y(a) = 75*a + 2588. Calculate y(-38).
-262
Let k(i) = -14310*i + 6210618. What is k(434)?
78
Let q(k) = 2*k**2 + 1145*k + 163337. Give q(-304).
89
Let u(v) = -473*v - 258685. What is u(-547)?
46
Let j(b) = -1112*b - 492611. What is j(-443)?
5
Let f(h) = -9*h**3 - 4*h**2 + 115*h + 120. Give f(-1).
10
Let i(x) = -45*x**3 - 3*x**2 - 14*x - 11. What is i(-1)?
45
Let p(i) = -i**2 + 48607*i + 1653777. Give p(-34).
-17
Let z(r) = 7*r**2 + 311*r + 3. What is z(-44)?
-129
Let y(j) = -j**3 + 8*j**2 - 15*j + 80. Calculate y(6).
62
Let n(l) = -31*l**2 - 3187*l + 143. What is n(-103)?
-475
Let s(y) = -73*y - 1239. Determine s(-17).
2
Let r(s) = -31*s**2 + 129*s + 125. Give r(-1).
-35
Let u(j) = 278*j**2 - 246612*j + 23053. Give u(887).
-9
Let c(p) = 10*p**2 - 407*p - 125056. Calculate c(134).
-34
Let w(q) = -1269869*q - 53334500. What is w(-42)?
-2
Let i(s) = -17*s**2 + 597*s - 4062. Calculate i(28).
-674
Let d(p) = 13*p**3 - 19*p**2 - 435*p - 1954. What is d(8)?
6
Let g(n) = -24*n**2 + 2012*n - 17469. Determine g(74).
-5
Let g(p) = -p**3 + 134*p + 311. Determine g(12).
191
Let j(x) = -4*x**2 - 304*x + 6281. Calculate j(-88).
2057
Let g(x) = 2238*x - 194528. Determine g(87).
178
Let q(o) = -o**3 - 20*o**2 + 1939*o + 5569. Calculate q(-54).
7
Let t(x) = 129*x**2 - 1067*x - 13027. Calculate t(15).
-7
Let t(z) = z**2 - 370*z - 97892. Determine t(-178).
-348
Let x(w) = -w**3 + 924*w**2 - 9143*w + 11. What is x(10)?
-19
Let c(h) = 1016*h - 182946. Give c(180).
-66
Let f(m) = -m**3 - 19*m**2 - 1710*m - 32484. Give f(-19).
6
Let i(t) = 153*t + 25059. Calculate i(-164).
-33
Let y(s) = 891*s - 90579. Calculate y(102).
303
Let p(g) = -3926*g - 58858. Give p(-15).
32
Let k(v) = -8825*v - 370603. Calculate k(-42).
47
Let d(w) = w**3 + 1488*w**2 + 7557*w + 702. Calculate d(-5).
-8
Let j(v) = -v**3 + 101*v**2 -